is the tens digit of 17199?
9
What is the ten millions digit of 36555893?
3
What is the hundreds digit of 5349111?
1
What is the tens digit of 771936?
3
What is the tens digit of 746227?
2
What is the ten thousands digit of 13672565?
7
What is the units digit of 204297?
7
What is the millions digit of 10147496?
0
What is the units digit of 1941877?
7
What is the hundred thousands digit of 402916?
4
What is the thousands digit of 114765?
4
What is the thousands digit of 3418564?
8
What is the hundreds digit of 233962?
9
What is the thousands digit of 1803073?
3
What is the tens digit of 709609?
0
What is the units digit of 12554713?
3
What is the units digit of 162655?
5
What is the thousands digit of 259734?
9
What is the thousands digit of 89254?
9
What is the ten thousands digit of 3379685?
7
What is the tens digit of 9724990?
9
What is the ten thousands digit of 192362?
9
What is the tens digit of 1507440?
4
What is the hundreds digit of 22886994?
9
What is the units digit of 95251?
1
What is the ten millions digit of 22025003?
2
What is the tens digit of 1552664?
6
What is the ten thousands digit of 28183252?
8
What is the tens digit of 1946974?
7
What is the tens digit of 107280?
8
What is the units digit of 6398540?
0
What is the ten millions digit of 16460574?
1
What is the millions digit of 1708700?
1
What is the tens digit of 5873705?
0
What is the ten millions digit of 15896938?
1
What is the units digit of 187969?
9
What is the hundred thousands digit of 120566?
1
What is the ten thousands digit of 681714?
8
What is the hundreds digit of 4005677?
6
What is the tens digit of 252777?
7
What is the thousands digit of 878770?
8
What is the units digit of 9190608?
8
What is the hundreds digit of 33772?
7
What is the thousands digit of 760171?
0
What is the hundred thousands digit of 16223682?
2
What is the units digit of 672942?
2
What is the millions digit of 2139125?
2
What is the hundreds digit of 4456026?
0
What is the thousands digit of 166263?
6
What is the tens digit of 50498?
9
What is the hundred thousands digit of 1609636?
6
What is the hundred thousands digit of 197120?
1
What is the thousands digit of 15611101?
1
What is the units digit of 30204325?
5
What is the units digit of 826144?
4
What is the units digit of 30015003?
3
What is the tens digit of 7757886?
8
What is the tens digit of 6740789?
8
What is the ten thousands digit of 568294?
6
What is the millions digit of 4004599?
4
What is the hundreds digit of 3711910?
9
What is the thousands digit of 22667987?
7
What is the hundred thousands digit of 842175?
8
What is the millions digit of 9131399?
9
What is the thousands digit of 1030839?
0
What is the thousands digit of 1607011?
7
What is the hundreds digit of 31309346?
3
What is the tens digit of 1250928?
2
What is the millions digit of 13631132?
3
What is the hundred thousands digit of 217426?
2
What is the thousands digit of 442430?
2
What is the millions digit of 1126277?
1
What is the units digit of 7640579?
9
What is the tens digit of 45816?
1
What is the tens digit of 1000451?
5
What is the units digit of 3576026?
6
What is the hundred thousands digit of 251277?
2
What is the hundreds digit of 2034810?
8
What is the thousands digit of 623745?
3
What is the hundred thousands digit of 327870?
3
What is the hundred thousands digit of 1964890?
9
What is the units digit of 191275?
5
What is the hundred thousands digit of 4954282?
9
What is the units digit of 2981663?
3
What is the hundreds digit of 4918718?
7
What is the thousands digit of 130664?
0
What is the thousands digit of 6393269?
3
What is the tens digit of 1504021?
2
What is the hundreds digit of 1001750?
7
What is the units digit of 30289462?
2
What is the hundreds digit of 651993?
9
What is the tens digit of 221891?
9
What is the thousands digit of 6622183?
2
What is the tens digit of 765181?
8
What is the thousands digit of 381423?
1
What is the hundred thousands digit of 1241015?
2
What is the hundred thousands digit of 225443?
2
What is the hundred thousands digit of 194801?
1
What is the hundred thousands digit of 18211649?
2
What is the hundreds digit of 122606?
6
What is the ten thousands digit of 10004172?
0
What is the hundred thousands digit of 12412602?
4
What is the hundred thousands digit of 104919?
1
What is the units digit of 3890576?
6
What is the thousands digit of 24860?
4
What is the millions digit of 12517844?
2
What is the hundred thousands digit of 705501?
7
What is the millions digit of 19808105?
9
What is the tens digit of 152232?
3
What is the tens digit of 63411?
1
What is the hundred thousands digit of 1273635?
2
What is the hundred thousands digit of 9294986?
2
What is the ten thousands digit of 855140?
5
What is the hundred thousands digit of 751967?
7
What is the millions digit of 2757299?
2
What is the hundred thousands digit of 1798083?
7
What is the tens digit of 31728?
2
What is the ten thousands digit of 25681?
2
What is the hundreds digit of 985085?
0
What is the ten thousands digit of 845353?
4
What is the ten thousands digit of 421738?
2
What is the thousands digit of 316328?
6
What is the units digit of 1300446?
6
What is the units digit of 11562647?
7
What is the millions digit of 2126074?
2
What is the units digit of 24750672?
2
What is the thousands digit of 306620?
6
What is the thousands digit of 90921?
0
What is the thousands digit of 520554?
0
What is the hundred thousands digit of 3578615?
5
What is the units digit of 956023?
3
What is the hundreds digit of 3332683?
6
What is the hundreds digit of 632537?
5
What is the units digit of 139286?
6
What is the tens digit of 164673?
7
What is the ten thousands digit of 859101?
5
What is the tens digit of 4706543?
4
What is the units digit of 507986?
6
What is the thousands digit of 7664954?
4
What is the ten thousands digit of 257135?
5
What is the hundreds digit of 364303?
3
What is the thousands digit of 90213?
0
What is the hundred thousands digit of 147461?
1
What is the units digit of 198803?
3
What is the units digit of 5665134?
4
What is the thousands digit of 162371?
2
What is the units digit of 1193765?
5
What is the thousands digit of 894495?
4
What is the hundred thousands digit of 3349011?
3
What is the ten thousands digit of 27528?
2
What is the millions digit of 18594778?
8
What is the tens digit of 3704767?
6
What is the thousands digit of 27962?
7
What is the tens digit of 11394288?
8
What is the tens digit of 1368543?
4
What is the ten thousands digit of 5506446?
0
What is the hundreds digit of 6291891?
8
What is the hundred thousands digit of 807486?
8
What is the tens digit of 267964?
6
What is the thousands digit of 5324564?
4
What is the ten thousands digit of 293430?
9
What is the ten thousands digit of 416448?
1
What is the thousands digit of 7454061?
4
What is the hundreds digit of 47097?
0
What is the hundreds digit of 24122413?
4
What is the units digit of 609943?
3
What is the ten thousands digit of 411623?
1
What is the hundred thousands digit of 8810733?
8
What is the tens digit of 1025634?
3
What is the thousands digit of 69064?
9
What is the thousands digit of 258473?
8
What is the millions digit of 4221016?
4
What is the millions digit of 1245208?
1
What is the hundred thousands digit of 25593196?
5
What is the tens digit of 143726?
2
What is the tens digit of 182847?
4
What is the hundred thousands digit of 264958?
2
What is the thousands digit of 28973?
8
What is the hundred thousands digit of 1560251?
5
What is the thousands digit of 86314?
6
What is the ten thousands digit of 30912704?
1
What is the units digit of 12460828?
8
What is the ten thousands digit of 200453?
0
What is the thousands digit of 7286955?
6
What is the hundred thousands digit of 1069646?
0
What is the units digit of 171082?
2
What is the millions digit of 5419275?
5
What is the tens digit of 147872?
7
What is the millions digit of 1360048?
1
What is the millions digit of 26491849?
6
What is the thousands digit of 303402?
3
What is the ten thousands digit of 270001?
7
What is the millions digit of 1550930?
1
What is the thousands digit of 250475?
0
What is the units digit of 148383?
3
What is the units digit of 23323040?
0
What is the hundreds digit of 24460